-5*x. Let o = k + 0. Calculate the greatest common divisor of o and 28.
7
Suppose 0 = -u + 4*p + 28, -4*p + 3 = 11. Let k be (-140)/49*(0 + -7). Calculate the greatest common divisor of k and u.
20
Let g be (-4)/(-18) - 16/(-9). Suppose -5*v + 41 = -y, -2*v - g*y = -11 - 3. What is the greatest common factor of 8 and v?
8
Let g be 53/4 + (-4)/48*-9. Calculate the highest common factor of 14 and g.
14
Let q be ((-1)/2)/(1/(-10)). Suppose 2*d + 0*d - 22 = -q*i, d = -3*i + 13. Calculate the greatest common divisor of 5 and d.
1
Let s be (3 + -2 + 0 + 2)*23. What is the greatest common divisor of s and 92?
23
Let q = 33 - 13. What is the highest common factor of q and 5?
5
Let w = 69 + 0. Suppose -w = -5*g + 151. Calculate the greatest common divisor of 4 and g.
4
Let c(t) = 4*t. Let x be 1/(-2) - (-19)/2. Let v be c(x). What is the highest common divisor of 54 and v?
18
Suppose -2*z = -3 - 9. Let i(r) = 2*r - 8. Let g be i(z). Calculate the greatest common divisor of g and 32.
4
Suppose -3*m + 2*y - 19 = -5, -4*m + 2*y = 16. Let s(p) = -4*p**3 + 2*p + 2. Let g be s(m). What is the greatest common factor of g and 45?
15
Let t(h) = -12*h + 2. Let r be t(-4). Let o be 877/7 + (-2)/7. Suppose -o = -5*v - r. What is the highest common divisor of 75 and v?
15
Let u be (-13)/(-39) - (-119)/3. Calculate the greatest common factor of u and 8.
8
Let a(p) = -p**2 + 2*p + 20. Let x be a(0). Suppose 2*l = 148 + x. Suppose 3 = z - 9. Calculate the greatest common divisor of z and l.
12
Suppose -2*h + 280 = 3*h. Suppose 0 = -2*l - 24 - h. Let o = -28 - l. Calculate the greatest common factor of o and 12.
12
Let v(n) = -11*n - 10. Let r(i) = 5*i + 5. Let k(w) = -11*r(w) - 6*v(w). Let u be k(5). Calculate the highest common divisor of 24 and u.
12
Suppose 143 - 47 = 3*h. Let w be h/12*(-3)/(-4). Calculate the highest common factor of w and 5.
1
Let u = -5 + 9. Suppose -46 = -r + 3*f, -191 = -5*r + u*f - 2*f. Let g be r - 0 - (1 - 0). What is the highest common divisor of 12 and g?
12
Let z(d) = -31*d**3 - d. Let a be (-2)/(-6) - 35/15. Let p be -1*(2 - a/(-2)). Let x be z(p). Calculate the highest common divisor of x and 8.
8
Let g = 54 - 28. Let p(q) = -q**3 + 8*q**2 - 7. Suppose -i + 0 = -6. Let s be p(i). Calculate the highest common divisor of g and s.
13
Suppose 2*k = 2*g - 36, 0 = -0*g + 4*g + k - 87. Calculate the highest common divisor of g and 42.
21
Let h = 212 + -211. Suppose -15 = -n - d, 3*n + 2*d = 6*n - 25. What is the greatest common factor of h and n?
1
Let p(s) = s**2 - 8*s + 9. Let m be p(7). Calculate the greatest common factor of m and 2.
2
Suppose 7 = 2*z - 1. What is the highest common factor of z and 44?
4
Let y = 1796 + -1072. Let a be 2/(-9) + y/18. Suppose 34 = 3*b - 2*h, 0 = 3*b - b + 4*h - 12. Calculate the highest common divisor of a and b.
10
Let w be ((-11)/3)/((-3)/99). Let q = 56 + -45. What is the highest common factor of w and q?
11
Let c be ((36/15)/1)/(2/10). What is the greatest common divisor of 28 and c?
4
Suppose -r = 5*x + r - 87, 2*r - 36 = -2*x. Suppose a - x = -s, 3*a = 5*s + 17 - 142. What is the greatest common factor of s and 55?
11
Let v = 0 - -5. Suppose 0 = 2*b - 4*q - 28, -53 - 23 = -v*b + 4*q. Suppose -5*o - z - z = -630, 2*o - 246 = -2*z. What is the highest common divisor of b and o?
16
Let p be 7 - -1*(0 - 2). Let m be 3/(-5) - (-378)/p. Let g be 4/5*m/2. What is the greatest common divisor of 5 and g?
5
Let d(c) = c**2 - 11*c + 3. Let g be d(11). Suppose 4*r - 30 = 2*t, -r + g*t = -2*r + 18. Calculate the highest common divisor of r and 45.
9
Suppose 3*q + 21 + 15 = b, -b + 16 = q. Suppose 4*i - b = 31. Let u be (-4)/(-8) + (-103)/(-2). Calculate the greatest common divisor of i and u.
13
Let c = -2 - -22. Let u = -6 + c. What is the highest common divisor of u and 28?
14
Let w be 32*(-1 - 0)/(-2). Suppose 0*g - 3*g = -432. Calculate the highest common divisor of g and w.
16
Let v = 24 - 12. Suppose 4*b - 2*s - 124 = 12, b - 28 = 2*s. What is the highest common divisor of v and b?
12
Let i = 582 + -366. Calculate the highest common divisor of 24 and i.
24
Suppose 2*z = -4*j + 3*z + 87, 2*z - 2 = 0. What is the greatest common factor of 2 and j?
2
Let d be 2/(-4)*-4 + 22. Let v(m) = -m**2 + 15*m + 16. Let g be v(11). Calculate the greatest common divisor of g and d.
12
Let x(g) = -15*g + 5. Let o be x(-6). Calculate the greatest common divisor of o and 38.
19
Let n be -1 - (-2 + (6 - 3)). Let c(l) = 51*l**2 + 4*l + 2. Let u be c(n). Calculate the highest common factor of u and 22.
22
Let w(o) = -o**2 - 9*o + 5. Let i be w(-7). What is the greatest common divisor of i and 76?
19
Suppose l + 2*l = 15. Suppose 0 = -3*t - 2*t + 5*w + 350, 0 = l*t + 2*w - 364. What is the highest common factor of 9 and t?
9
Let m = -121 - -181. Suppose 0 = -0*x + x + 5*l - m, l = -x + 48. Let n be (1 - 2)*(-2 - 7). Calculate the greatest common factor of x and n.
9
Let h = 72 - 28. Suppose 0 = -5*n + 5*w + 140, -h = -2*n + w + 4*w. Suppose 3*g + 18 = d + 2*d, 4*d + 4*g = n. Calculate the highest common divisor of 1 and d.
1
Let q = -21 + 31. Calculate the highest common divisor of q and 10.
10
Let h be 14/(-3)*(-2 - 7). Suppose 0 = 3*u - 24 - h. Calculate the highest common divisor of 2 and u.
2
Let u be (-76)/(-12) + (-2)/6. Suppose u*l - 144 = -48. What is the greatest common factor of 40 and l?
8
Let d = 251 + -149. What is the greatest common factor of d and 6?
6
Let w(y) = -y**2 - 9*y + 17. Let v be w(-8). Calculate the highest common factor of v and 5.
5
Let c = -80 + 143. Suppose 2*r + b + 5 = 0, 4*r + b + 25 = -4*b. Suppose r = -5*o + 3*o + 18. Calculate the greatest common divisor of c and o.
9
Let g(b) = 8*b**2 + 4*b + 1. Let x be g(3). Let t be -1 + (-4)/(-3) - 202/(-6). What is the greatest common factor of t and x?
17
Let w(s) = -33*s**3 + s**2 - 3*s - 4. Let d be w(-2). Calculate the highest common factor of d and 30.
30
Let y = -116 + 176. Let f(t) = t**2 + 5*t + 4. Let b be f(-6). Calculate the highest common divisor of b and y.
10
Suppose -3*i - 2*i = 15, 2*i + 202 = -4*l. Let d = 91 + l. What is the highest common divisor of 105 and d?
21
Suppose -1643 = -13*p + 3362. Calculate the highest common divisor of p and 11.
11
Let y = -101 + 352. Let b = y + -75. Calculate the greatest common divisor of 16 and b.
16
Let x be 4 + 1/(-3 + 2). Calculate the highest common divisor of x and 60.
3
Suppose -14 = -4*a - 6. Let s = a - -3. What is the highest common divisor of 35 and s?
5
Let l = -10 + 6. Let j = l + 5. Suppose 43 = 4*c - j. What is the highest common factor of 44 and c?
11
Let p = 7 + 10. Let x = -11 + p. Let c(h) = -14*h**3 + 2*h**2 + 2*h + 1. Let d be c(-1). What is the greatest common factor of x and d?
3
Suppose -l = -0*l + z - 15, 5*z = 0. Calculate the greatest common divisor of l and 30.
15
Let k(m) = m**2 - 15*m - 1. Let h be k(17). What is the highest common divisor of h and 231?
33
Suppose -4*h = 3*z, 3*z = h - 4*h + 3. Suppose l + 88 = 5*l - z*o, -5*o = -10. Calculate the highest common divisor of 72 and l.
24
Suppose -4 = -u + 2*v, 5*v = -u + 3*v - 8. Let k be -2*(u*3 + 3). Suppose c - 18 = -0*c. What is the highest common factor of k and c?
6
Let m(d) = d**2 + d - 6. Let t be m(-7). Let r = 296 - 193. Suppose 3*g - 373 = -r. Calculate the greatest common divisor of t and g.
18
Let q = 144 + -254. Let a = -47 - q. Let h(b) = 2*b + 1. Let g be h(10). What is the greatest common divisor of g and a?
21
Suppose -w + 3*a = -21, 2*a - 5*a + 3 = w. Let c be 4/(-6) + (-38)/(-3). What is the highest common factor of w and c?
12
Suppose 5*w + 2*g = 37, 16 = 4*w + g + 4*g. What is the greatest common divisor of w and 99?
9
Let j(l) = l**3 + 8*l**2 - 3*l + 6. Let z be j(-8). What is the greatest common divisor of 70 and z?
10
Suppose -q - 3*u + 1 = -4*u, -3*q - u = -3. Let j be 38 - (q + 0 + -2). Calculate the highest common factor of j and 26.
13
Let w(p) = 5*p. Let k be w(2). Suppose 34 = 4*f - 166. What is the greatest common divisor of f and k?
10
Let u(s) = -s**3 - 3*s**2 + 3*s - 5. Let y be u(4). Let x = 84 - y. Calculate the highest common divisor of 21 and x.
21
Suppose u + 8 = 3*x, 0 = -0*x - 5*x + 3*u + 8. Let d be (-411)/(-6) + x/(-8). Calculate the highest common factor of 17 and d.
17
Suppos